e
Does 16 divide 15424?
True
Is 834368 a multiple of 16?
True
Does 27 divide 778?
False
Is 77 a factor of 316316?
True
Is 1824 a multiple of 10?
False
Does 5 divide 313919?
False
Is 3 a factor of 382029?
True
Does 17 divide 168215?
True
Is 2635560 a multiple of 120?
True
Is 349 a factor of 700792?
True
Is 28 a factor of 1945809?
False
Is 13831674 a multiple of 14?
False
Does 934 divide 6786142?
False
Is 509 a factor of 6924099?
False
Is 70 a factor of 63490?
True
Is 19478 a multiple of 140?
False
Does 16 divide 50080?
True
Does 6 divide 316536?
True
Does 197 divide 1348662?
True
Is 1332 a factor of 21573477?
False
Is 249418 a multiple of 106?
True
Is 6 a factor of 3995478?
True
Is 7 a factor of 3220?
True
Does 7 divide 4249177?
False
Is 188480 a multiple of 152?
True
Is 7972332 a multiple of 1530?
False
Is 8 a factor of 23579?
False
Is 93817 a multiple of 5?
False
Is 34320 a multiple of 39?
True
Does 393 divide 436077?
False
Is 39 a factor of 1872?
True
Is 1153 a factor of 8467632?
True
Is 234 a factor of 633438?
True
Is 1274814 a multiple of 3?
True
Does 33 divide 14292262?
False
Does 61 divide 208681?
True
Does 15 divide 2018715?
True
Is 125 a factor of 2106364?
False
Is 550 a factor of 6827762?
False
Does 38 divide 2865369?
False
Does 919 divide 291323?
True
Is 14597160 a multiple of 24?
True
Is 10 a factor of 1463?
False
Is 9170238 a multiple of 22?
True
Is 199312 a multiple of 16?
True
Does 69 divide 558969?
True
Does 30 divide 2148420?
True
Does 2 divide 24305?
False
Is 305610 a multiple of 122?
True
Is 669069 a multiple of 51?
True
Is 10 a factor of 20663?
False
Does 70 divide 56496?
False
Is 1367829 a multiple of 171?
True
Is 280 a factor of 1569933?
False
Is 337486 a multiple of 99?
False
Does 24 divide 475767?
False
Is 709398 a multiple of 783?
True
Is 5 a factor of 17421?
False
Does 36 divide 4537857?
False
Is 298 a factor of 2438150?
False
Is 96 a factor of 11738688?
True
Is 4328574 a multiple of 225?
False
Is 6 a factor of 57324?
True
Is 285 a factor of 148485?
True
Is 2653068 a multiple of 53?
False
Does 48 divide 58730?
False
Is 2038888 a multiple of 344?
True
Does 22 divide 1226302?
True
Is 4305577 a multiple of 11?
False
Is 1511059 a multiple of 107?
False
Is 155066 a multiple of 130?
False
Does 37 divide 2887500?
False
Is 258 a factor of 551533?
False
Is 35 a factor of 1395421?
False
Is 584015 a multiple of 318?
False
Is 196 a factor of 6461728?
True
Is 29 a factor of 6931?
True
Is 1340695 a multiple of 37?
True
Does 1456 divide 9743552?
True
Is 175 a factor of 103075?
True
Is 309432 a multiple of 46?
False
Is 41120 a multiple of 17?
False
Does 39 divide 61347?
True
Is 8142 a multiple of 15?
False
Is 965219 a multiple of 279?
False
Does 6 divide 537048?
True
Does 49 divide 136122?
True
Is 3125386 a multiple of 22?
True
Does 768 divide 5742789?
False
Is 2424 a multiple of 19?
False
Does 15 divide 11794680?
True
Is 8 a factor of 41160?
True
Does 20 divide 373431?
False
Is 283 a factor of 2991567?
False
Is 145 a factor of 101833?
False
Is 34 a factor of 4913559?
False
Is 96178 a multiple of 38?
True
Is 1215808 a multiple of 851?
False
Does 959 divide 1710856?
True
Does 2 divide 110606?
True
Is 307 a factor of 11969623?
True
Is 62 a factor of 1346080?
False
Does 289 divide 7417185?
True
Is 1385265 a multiple of 56?
False
Is 5062393 a multiple of 15?
False
Is 8573940 a multiple of 414?
True
Is 644 a factor of 5055445?
False
Does 431 divide 10384838?
False
Is 121270 a multiple of 6?
False
Does 10 divide 357780?
True
Is 1635 a factor of 2829064?
False
Does 2 divide 23292?
True
Is 2761647 a multiple of 454?
False
Is 3128969 a multiple of 8?
False
Is 95670 a multiple of 3?
True
Does 578 divide 25432000?
True
Is 225 a factor of 507825?
True
Is 3354605 a multiple of 1435?
False
Is 9573556 a multiple of 66?
False
Does 177 divide 1843940?
False
Is 4412330 a multiple of 26?
True
Does 54 divide 3690864?
False
Does 10 divide 15250420?
True
Is 8 a factor of 1565786?
False
Is 20 a factor of 1113857?
False
Is 8480 a multiple of 4?
True
Does 45 divide 861030?
True
Is 10541 a multiple of 3?
False
Does 16 divide 832?
True
Is 24 a factor of 109338?
False
Is 2705 a multiple of 5?
True
Does 420 divide 256561?
False
Is 276881 a multiple of 9?
False
Does 1338 divide 986106?
True
Is 7079265 a multiple of 15?
True
Is 545 a factor of 11138?
False
Does 81 divide 2970270?
True
Is 2604233 a multiple of 4?
False
Is 498 a factor of 5724637?
False
Is 31 a factor of 126883?
True
Is 333534 a multiple of 77?
False
Is 17 a factor of 268412?
False
Is 124110 a multiple of 315?
True
Is 649441 a multiple of 31?
False
Does 161 divide 1149218?
True
Does 804 divide 2154720?
True
Is 639036 a multiple of 51?
False
Is 67217 a multiple of 17?
False
Does 8 divide 47664?
True
Does 124 divide 62762?
False
Does 79 divide 245769?
True
Is 979104 a multiple of 282?
True
Is 10260096 a multiple of 694?
True
Is 18 a factor of 3734360?
False
Is 203192 a multiple of 287?
False
Is 652257 a multiple of 69?
True
Is 10 a factor of 844780?
True
Is 448 a factor of 19428?
False
Does 471 divide 101265?
True
Does 18 divide 407368?
False
Is 323180 a multiple of 220?
True
Is 1646117 a multiple of 112?
False
Is 4862806 a multiple of 26?
True
Is 1617 a factor of 11275365?
False
Is 390 a factor of 136679?
False
Does 235 divide 48442?
False
Does 23 divide 28195608?
True
Is 19 a factor of 77349?
True
Does 12 divide 505968?
True
Is 35 a factor of 864490?
False
Is 1060919 a multiple of 406?
False
Is 6 a factor of 2619385?
False
Is 65 a factor of 11635?
True
Does 19 divide 114833?
False
Is 2040394 a multiple of 479?
False
Does 180 divide 20160?
True
Is 44 a factor of 8412176?
False
Is 2032110 a multiple of 5?
True
Is 2752443 a multiple of 8?
False
Is 11 a factor of 226262?
False
Does 69 divide 145651?
False
Does 88 divide 1230044?
False
Is 226 a factor of 265776?
True
Is 937 a factor of 4371846?
False
Does 20 divide 579313?
False
Does 91 divide 3929964?
False
Is 23 a factor of 1815275?
True
Is 114285 a multiple of 386?
False
Does 21 divide 3153885?
True
Is 438 a factor of 13236798?
True
Does 93 divide 184791?
True
Is 131072 a multiple of 64?
True
Is 165 a factor of 247839?
False
Is 11 a factor of 27065867?
False
Does 3 divide 931626?
True
Does 3 divide 149270?
False
Is 4 a factor of 13974?
False
Is 42501 a multiple of 5?
False
Is 48 a factor of 122016?
True
Does 291 divide 235710?
True
Is 680058 a multiple of 6?
True
Is 3 a factor of 15534?
True
Is 15891174 a multiple of 64?
False
Is 9082962 a multiple of 17?
False
Is 62 a factor of 228309?
False
Is 80 a factor of 540529?
False
Is 10 a factor of 11793?
False
Is 56 a factor of 24080?
True
Does 357 divide 9139557?
True
Does 48 divide 16018?
False
Does 56 divide 2649920?
True
Does 83 divide 8618139?
True
Is 157752 a multiple of 28?
True
Does 19 divide 431946?
True
Does 102 divide 255918?
True
Is 929556 a multiple of 38?
True
Does 79 divide 5887899?
False
Is 496 a factor of 80848?
True
Is 214947 a multiple of 419?
True
Is 6 a factor of 25392?
True
Does 36 divide 26759484?
True
Is 7 a factor of 442970?
False
Is 31 a factor of 1365519?
True
Is 3516121 a multiple of 25?
False
Does 3 divide 285596?
False
Is 132 a factor of 66660?
True
Does 9 divide 101403?
True
Is 2018656 a multiple of 14?
False
Is 39513 a multiple of 9?
False
Is 13 a factor of 20266389?
True
Is 5661708 a multiple of 4?
True
Is 64635 a multiple of 155?
True
Is 45 a factor of 89775?
True
Does 5 divide 237975?
True
Is 246 a factor of 317873?
False
Does 817 divide 601454?
False
Is 10 a factor of 25733910?
True
Is 181 a factor of 1793248?
False
Is 150228 a multiple of 351?
True
Is 50302 a multiple of 10?
False
Is 14 a factor of 2157445?
False
Does 304 divide 1139392?
True
Is 2644 a factor of 1965395?
False
Is 454157 a multiple of 13?
False
Is 61 a factor of 115743?
False
Is 60 a factor of 214473?
False
Does 234 divide 269058?
False
Does 29 divide 468988?
True
Does 19 divide 145689?
False
Is 3 a factor of 397988?
False
Is 35 a factor of 167440?
True
Does 497 divide 1907486?
True
Is 136598 a multiple of 42?
False
Does 6 divide 8904?
True
Does 24 divide 56328?
True
Is 9111505 a multiple of 1861?
False
Is 43 a factor of 25097638?
True
Is 11 a factor of 322231?
False
Does 51 divide 10171746?
True
Is 2